test common divisor of 540 and 11260.
20
What is the highest common factor of 134 and 111823?
67
Calculate the greatest common factor of 5012 and 1316.
28
Calculate the highest common divisor of 71 and 4379.
1
Calculate the highest common divisor of 38665 and 1900.
95
What is the highest common divisor of 608 and 58?
2
Calculate the greatest common divisor of 754 and 38338.
58
What is the highest common divisor of 38509 and 6749?
397
Calculate the greatest common divisor of 34214 and 86.
2
Calculate the greatest common factor of 428971 and 447.
149
What is the greatest common divisor of 637 and 158158?
91
What is the highest common divisor of 945 and 4563?
27
What is the greatest common factor of 28 and 676088?
28
Calculate the highest common factor of 49000 and 3750.
250
Calculate the greatest common divisor of 281 and 519007.
281
Calculate the highest common factor of 22830 and 105.
15
Calculate the greatest common divisor of 42 and 174237.
21
What is the highest common factor of 5808 and 230142?
726
Calculate the greatest common divisor of 2050 and 12218.
82
Calculate the highest common factor of 270 and 10224.
18
Calculate the greatest common divisor of 306 and 3546.
18
What is the highest common factor of 3269 and 553?
7
Calculate the greatest common factor of 44158 and 8.
2
What is the highest common divisor of 30056 and 187?
17
Calculate the greatest common factor of 179068 and 1424.
356
Calculate the greatest common factor of 6 and 563106.
6
Calculate the highest common factor of 451 and 1531801.
41
Calculate the greatest common factor of 1881 and 8987.
209
Calculate the highest common divisor of 6611 and 44.
11
What is the greatest common factor of 2938888 and 536?
536
What is the highest common divisor of 129 and 1453?
1
Calculate the greatest common divisor of 4014 and 32781.
669
What is the highest common divisor of 829825 and 475?
475
What is the greatest common factor of 66447 and 1311?
69
What is the greatest common divisor of 6 and 6380?
2
What is the highest common factor of 20374 and 5678?
334
Calculate the highest common factor of 2225 and 1511220.
445
What is the highest common divisor of 220 and 116336?
44
What is the greatest common divisor of 112 and 91742?
14
What is the greatest common factor of 176328 and 216?
72
What is the highest common factor of 800789 and 473?
473
Calculate the highest common factor of 408474 and 66.
66
What is the highest common divisor of 45 and 231318?
9
What is the greatest common factor of 104 and 43810?
26
Calculate the highest common factor of 34 and 4913.
17
What is the greatest common factor of 206 and 3739003?
103
What is the greatest common factor of 403 and 15067?
13
What is the highest common factor of 2646 and 53541?
27
What is the highest common divisor of 47902 and 602?
86
Calculate the highest common factor of 63 and 25548201.
63
What is the highest common divisor of 2324 and 4193658?
1162
Calculate the greatest common factor of 2365 and 30.
5
What is the greatest common factor of 3343555 and 290?
145
Calculate the greatest common divisor of 6 and 20763.
3
What is the highest common divisor of 18 and 6814?
2
Calculate the highest common factor of 363 and 900603.
363
What is the greatest common factor of 14 and 10577?
7
What is the greatest common factor of 109 and 317?
1
Calculate the greatest common factor of 402764 and 306.
34
What is the highest common divisor of 180395 and 32155?
545
What is the highest common factor of 343 and 655473?
343
Calculate the highest common factor of 869477 and 892.
223
What is the greatest common factor of 4536 and 27783?
567
What is the greatest common divisor of 6040 and 75?
5
What is the highest common factor of 866325 and 45?
15
What is the highest common divisor of 170105 and 15?
5
What is the highest common factor of 433678 and 28?
14
Calculate the greatest common divisor of 12 and 55362.
6
What is the highest common factor of 645531 and 321?
321
What is the highest common factor of 6432 and 116178?
402
Calculate the greatest common divisor of 9782 and 56414.
134
What is the greatest common factor of 799 and 46801?
17
What is the highest common factor of 294 and 1722399?
147
What is the greatest common divisor of 145 and 74211?
29
What is the highest common factor of 4088 and 9002?
14
Calculate the greatest common divisor of 37368 and 9612.
108
What is the greatest common divisor of 20 and 9750?
10
Calculate the greatest common factor of 672640 and 80.
80
What is the highest common factor of 15820 and 660?
20
Calculate the highest common divisor of 38 and 93100.
38
What is the greatest common factor of 231 and 444147?
33
What is the highest common factor of 1328 and 31208?
664
Calculate the highest common divisor of 72 and 11768.
8
What is the highest common factor of 783 and 2146?
29
What is the greatest common divisor of 20 and 684?
4
What is the greatest common divisor of 325431 and 3213?
459
Calculate the greatest common factor of 805644 and 556.
556
Calculate the highest common divisor of 8358 and 238.
14
What is the highest common divisor of 237546 and 664?
166
Calculate the greatest common factor of 19704 and 24.
24
What is the highest common divisor of 29970 and 10545?
555
Calculate the greatest common divisor of 356 and 488788.
356
What is the highest common factor of 490 and 3815?
35
Calculate the highest common divisor of 4110224 and 32.
16
What is the highest common factor of 101232 and 6882?
222
What is the greatest common divisor of 50 and 71500?
50
Calculate the greatest common factor of 832 and 229879.
13
What is the greatest common divisor of 11990 and 45?
5
Calculate the greatest common divisor of 10610 and 70.
10
Calculate the greatest common divisor of 7 and 3619.
7
What is the highest common factor of 336 and 61796?
28
Calculate the highest common divisor of 34 and 122842.
34
What is the greatest common factor of 300 and 1226850?
150
Calculate the highest common divisor of 270 and 7938.
54
Calculate the highest common divisor of 80 and 1045936.
16
Calculate the highest common divisor of 3952 and 140543.
247
What is the greatest common factor of 1292044 and 468?
52
Calculate the highest common factor of 35884 and 48.
4
Calculate the highest common factor of 25576 and 3312.
184
What is the greatest common divisor of 19 and 56335?
19
Calculate the highest common divisor of 6960 and 27376.
464
What is the highest common divisor of 1220 and 30?
10
What is the highest common divisor of 418 and 85481?
209
Calculate the highest common factor of 16643 and 473.
11
What is the highest common factor of 998 and 3795394?
998
What is the highest common factor of 150653 and 79?
79
Calculate the highest common divisor of 24654 and 357.
21
Calculate the greatest common divisor of 174 and 269410.
58
What is the greatest common divisor of 1192 and 3352?
8
Calculate the greatest common divisor of 243 and 45684.
243
What is the highest common factor of 7585 and 1998?
37
Calculate the greatest common factor of 3618 and 49982.
134
What is the highest common divisor of 228 and 1644?
12
What is the greatest common divisor of 39 and 2433?
3
Calculate the greatest common divisor of 875 and 38185.
35
What is the highest common divisor of 18634 and 770?
154
What is the greatest common factor of 170280 and 330?
330
Calculate the greatest common divisor of 420 and 512340.
60
Calculate the highest common factor of 11115 and 645.
15
What is the highest common divisor of 14392 and 18032?
56
Calculate the highest common divisor of 44100 and 1212.
12
Calculate the highest common divisor of 19643 and 117.
13
What is the greatest common factor of 38 and 8873?
19
Calculate the highest common divisor of 912 and 1463.
19
Calculate the highest common factor of 1107 and 5699.
41
What is the highest common divisor of 477 and 18072?
9
What is the highest common factor of 816412 and 371?
53
What is the highest common divisor of 44 and 34452?
44
What is the greatest common factor of 615 and 1770?
15
Calculate the highest common factor of 24138 and 4320.
54
Calculate the highest common divisor of 684 and 706268.
76
Calculate the highest common factor of 192050 and 334.
334
Calculate the highest common divisor of 38522 and 14484.
34
Calculate the greatest common fa